{"id":55,"date":"2020-02-06T12:01:33","date_gmt":"2020-02-06T11:01:33","guid":{"rendered":"https:\/\/floresentinelle.fr\/?page_id=55"},"modified":"2020-06-22T14:08:30","modified_gmt":"2020-06-22T12:08:30","slug":"historique","status":"publish","type":"page","link":"https:\/\/floresentinelle.fr\/index.php\/le-reseau\/historique\/","title":{"rendered":"Contexte"},"content":{"rendered":"\n<div class=\"wp-block-cover\" style=\"background-image:url(https:\/\/floresentinelle.fr\/wp-content\/uploads\/2020\/06\/bando5-scaled.jpg);background-position:52% 50%;min-height:226px;aspect-ratio:unset;\"><div class=\"wp-block-cover__inner-container is-layout-flow wp-block-cover-is-layout-flow\">\n<p class=\"has-text-align-center has-large-font-size\"><\/p>\n<\/div><\/div>\n\n\n\n<h1 class=\"wp-block-heading\">Contexte<\/h1>\n\n\n\n<h3 class=\"wp-block-heading\">Les Alpes : refuge de la flore fran\u00e7aise<\/h3>\n\n\n\n<p>La flore fran\u00e7aise recense <abbr title=\"UICN France, FCBN, AFB, MNHN, 2018\">4 982 esp\u00e8ces v\u00e9g\u00e9tales<\/abbr>, la flore des Alpes <abbr title=\"Aeschimann 2011\">4 452 taxons<\/abbr>. Les 7 d\u00e9partements alpins du Conservatoire botanique national Alpin abritent 2 969 taxons soit quasiment <strong>60%<\/strong> de la flore fran\u00e7aise et <strong>66% <\/strong>de la flore des Alpes.<\/p>\n\n\n\n<p>Ces statistiques\nillustrent bien \u00e0 quel point les Alpes fran\u00e7aises h\u00e9bergent une importante\nrichesse floristique que les politiques publiques ont tr\u00e8s t\u00f4t identifi\u00e9 comme\npatrimoniale et d\u00e9cid\u00e9 de prot\u00e9ger&nbsp;:<\/p>\n\n\n\n<ul class=\"wp-block-list\"><li>277 esp\u00e8ces prot\u00e9g\u00e9es au niveau national ;<\/li><li>254 esp\u00e8ces prot\u00e9g\u00e9es en r\u00e9gion Provence Alpes C\u00f4te d\u2019Azur ;<\/li><li>177 esp\u00e8ces prot\u00e9g\u00e9es en r\u00e9gion Auvergne Rh\u00f4ne-Alpes ;<\/li><li>34 esp\u00e8ces reconnues d\u2019int\u00e9r\u00eat communautaire dans l\u2019annexe IV de la Directive Habitat dont il est n\u00e9cessaire de suivre l\u2019\u00e9tat de conservation dans le temps sans disposer pour l\u2019instant de m\u00e9thodologie ou d\u2019organisation pour le faire.<\/li><\/ul>\n\n\n\n<p>Des <abbr title=\"UICN France, FCBN, AFB, MNHN, 2018&nbsp;; Noble et al. 2016&nbsp;; Collectif 2015\">listes rouges sur la flore ont \u00e9galement \u00e9t\u00e9 r\u00e9alis\u00e9es depuis 2015<\/abbr>, aux niveaux national et r\u00e9gional selon la&nbsp; m\u00e9thodologie d\u00e9velopp\u00e9e par l\u2019UICN pour identifier les esp\u00e8ces menac\u00e9es. La figure ci-dessous reprend le nombre d\u2019esp\u00e8ces de ce territoire pour les 3 cotations des menaces les plus importantes (CR\/CR* en danger critique d\u2019extinction, EN En danger, VU Vuln\u00e9rable) des liste rouges nationales (LR N) et r\u00e9gionales Sud PACA (LR PACA) et Auvergne-Rh\u00f4ne-Alpes (LR AURA).<\/p>\n\n\n\n<figure class=\"wp-block-image size-large\"><img loading=\"lazy\" decoding=\"async\" width=\"1024\" height=\"633\" src=\"https:\/\/floresentinelle.fr\/wp-content\/uploads\/2020\/06\/especes-menacees-1024x633.jpg\" alt=\"\" class=\"wp-image-424\" srcset=\"https:\/\/floresentinelle.fr\/wp-content\/uploads\/2020\/06\/especes-menacees-1024x633.jpg 1024w, https:\/\/floresentinelle.fr\/wp-content\/uploads\/2020\/06\/especes-menacees-300x186.jpg 300w, https:\/\/floresentinelle.fr\/wp-content\/uploads\/2020\/06\/especes-menacees-768x475.jpg 768w, https:\/\/floresentinelle.fr\/wp-content\/uploads\/2020\/06\/especes-menacees.jpg 1200w\" sizes=\"auto, (max-width: 1024px) 100vw, 1024px\" \/><\/figure>\n\n\n\n<h3 class=\"wp-block-heading\">Le changement climatique : une \u00e9vidence et de nombreuses incertitudes<\/h3>\n\n\n\n<p>Cet \u00e9tat des lieux sur la flore alpine s\u2019inscrit dans un contexte de changement climatique particuli\u00e8rement pressant sur ce territoire.<\/p>\n\n\n\n<p>Les anomalies de temp\u00e9rature dans les Alpes durant le si\u00e8cle dernier ont \u00e9t\u00e9 plus marqu\u00e9es que la moyenne globale terrestre, avec <abbr title=\"Beniston, 2006\">une augmentation des temp\u00e9ratures depuis 1980 qui d\u00e9passe 1.5\u00b0C en certains sites<\/abbr>. En effet, les climats plus froids de la plan\u00e8te, c\u2019est-\u00e0-dire ceux des r\u00e9gions arctiques et alpines, sont connus pour \u00eatre ceux qui subissent le r\u00e9chauffement climatique le plus intense, un ph\u00e9nom\u00e8ne connu sous le nom d\u2019<em>amplification arctique <\/em>et <em>alpine<\/em>.<\/p>\n\n\n\n<p>Il est aussi reconnu que le <abbr title=\"Thuiller at al. 2005\">changement climatique aura un impact plus important sur la flore alpine<\/abbr>. Or, par manque de donn\u00e9es et de mod\u00e8les appropri\u00e9s, les cons\u00e9quences \u00e0 attendre de ce changement sur les plantes de haute montagne sont encore difficiles \u00e0 appr\u00e9hender.<\/p>\n\n\n\n<p>Ces \u00e9l\u00e9ments convergent vers la n\u00e9cessit\u00e9 de conserver la flore alpine, en priorit\u00e9 les \u00e9l\u00e9ments les plus rares et menac\u00e9s et de se doter d\u2019une organisation et de m\u00e9thodologies partag\u00e9es et concert\u00e9es.<\/p>\n\n\n\n<h3 class=\"wp-block-heading\">Naissance du r\u00e9seau<\/h3>\n\n\n\n<p>La conservation de la flore sur un territoire aussi vaste que les alpes fran\u00e7aises ne peut s\u2019envisager sans un partenariat fort et p\u00e9renne avec l\u2019ensemble des organismes qui interviennent sur tout ou partie des \u00e9tapes de la conservation&nbsp;:<\/p>\n\n\n\n<ul class=\"wp-block-list\"><li>gestionnaires d\u2019espaces naturels ;<\/li><li>universitaires ;<\/li><li>associations de protection de la nature.&nbsp;<\/li><\/ul>\n\n\n\n<p>Pour aller vers une meilleure pr\u00e9servation de la flore et des habitats, une collaboration efficace entre tous est n\u00e9cessaire. De cette constatation est n\u00e9e l\u2019id\u00e9e de r\u00e9unir tous les acteurs de la conservation de la flore sur les alpes fran\u00e7aises pour cr\u00e9er un r\u00e9seau. Ses objectifs :<\/p>\n\n\n\n<ul class=\"wp-block-list\"><li>d\u00e9velopper les \u00e9changes ;<\/li><li>mutualiser les connaissances et les comp\u00e9tences ;<\/li><li>mettre en oeuvre des actions concert\u00e9es de pr\u00e9servation de la flore et des protocoles communs de suivi ;<\/li><li>contribuer \u00e0 l\u2019\u00e9laboration d\u2019une vision homog\u00e8ne de la flore \u00e0 l\u2019\u00e9chelle du massif alpin.<\/li><\/ul>\n\n\n\n<p>Le dispositif a \u00e9t\u00e9 lanc\u00e9 en 2008-2009 sous la coordination CBNA en partenariat avec des chercheurs et des gestionnaires des espaces naturels prot\u00e9g\u00e9s. Portant initialement le nom de \u2018R\u00e9seau Alpes-Ain de conservation de la flore\u2019, ce dispositif a pris le nom de \u2018Flore sentinelle\u2019 en int\u00e9grant le projet \u2018Sentinelles des Alpes\u2019.&nbsp;<\/p>\n","protected":false},"excerpt":{"rendered":"<p>Contexte Les Alpes : refuge de la flore fran\u00e7aise La flore fran\u00e7aise recense 4 982 esp\u00e8ces v\u00e9g\u00e9tales, la flore des Alpes 4 452 taxons. Les 7 d\u00e9partements alpins du Conservatoire botanique national Alpin abritent 2 969 taxons soit quasiment 60% de la flore fran\u00e7aise et 66% de la flore des Alpes. Ces statistiques illustrent bien [&#8230;]<\/p>\n<p><a class=\"btn btn-secondary understrap-read-more-link\" href=\"https:\/\/floresentinelle.fr\/index.php\/le-reseau\/historique\/\">Lire la suite\u2026<span class=\"screen-reader-text\"> from Contexte<\/span><\/a><\/p>\n","protected":false},"author":2,"featured_media":0,"parent":51,"menu_order":0,"comment_status":"closed","ping_status":"closed","template":"page-templates\/both-sidebarspage.php","meta":{"footnotes":""},"class_list":["post-55","page","type-page","status-publish","hentry"],"_links":{"self":[{"href":"https:\/\/floresentinelle.fr\/index.php\/wp-json\/wp\/v2\/pages\/55","targetHints":{"allow":["GET"]}}],"collection":[{"href":"https:\/\/floresentinelle.fr\/index.php\/wp-json\/wp\/v2\/pages"}],"about":[{"href":"https:\/\/floresentinelle.fr\/index.php\/wp-json\/wp\/v2\/types\/page"}],"author":[{"embeddable":true,"href":"https:\/\/floresentinelle.fr\/index.php\/wp-json\/wp\/v2\/users\/2"}],"replies":[{"embeddable":true,"href":"https:\/\/floresentinelle.fr\/index.php\/wp-json\/wp\/v2\/comments?post=55"}],"version-history":[{"count":28,"href":"https:\/\/floresentinelle.fr\/index.php\/wp-json\/wp\/v2\/pages\/55\/revisions"}],"predecessor-version":[{"id":784,"href":"https:\/\/floresentinelle.fr\/index.php\/wp-json\/wp\/v2\/pages\/55\/revisions\/784"}],"up":[{"embeddable":true,"href":"https:\/\/floresentinelle.fr\/index.php\/wp-json\/wp\/v2\/pages\/51"}],"wp:attachment":[{"href":"https:\/\/floresentinelle.fr\/index.php\/wp-json\/wp\/v2\/media?parent=55"}],"curies":[{"name":"wp","href":"https:\/\/api.w.org\/{rel}","templated":true}]}}